e 2, what is 1000 + -100010?
-11010
In base 9, what is -10 + 5?
-4
In base 6, what is 1 + 211?
212
In base 3, what is 212 - -12022?
20011
In base 6, what is -10 - -543?
533
In base 13, what is -242 - -9?
-236
In base 14, what is 139 + -3?
136
In base 9, what is 158 + 3?
162
In base 4, what is 303 - 20?
223
In base 10, what is -224 - -1?
-223
In base 8, what is -346 - -173?
-153
In base 11, what is 10 - 2?
9
In base 11, what is 215 - 13?
202
In base 3, what is -1010021 - -2?
-1010012
In base 3, what is 2011011 + 10?
2011021
In base 6, what is -43252 - 2?
-43254
In base 8, what is -233 - -5?
-226
In base 8, what is -10 - 40?
-50
In base 11, what is 94 + -15?
7a
In base 15, what is -4 - -586?
582
In base 12, what is -98 + -29?
-105
In base 14, what is ba9 + -3?
ba6
In base 13, what is 5b + 7b?
109
In base 15, what is -40 + -5?
-45
In base 8, what is 305 + -12?
273
In base 8, what is 0 + -125?
-125
In base 15, what is 1ac - -2?
1ae
In base 16, what is 3cf - -5?
3d4
In base 9, what is -1 + -2606?
-2607
In base 16, what is 2b6 + 8?
2be
In base 9, what is -4620 - 2?
-4622
In base 16, what is -3 - 10b?
-10e
In base 2, what is 1000001 + 11?
1000100
In base 15, what is 26 - c5?
-9e
In base 15, what is 27c7 + 5?
27cc
In base 10, what is 1 - 3568?
-3567
In base 12, what is -356 - -7?
-34b
In base 2, what is 100 + -1101100010?
-1101011110
In base 11, what is -13 - 65?
-78
In base 10, what is -265 - 12?
-277
In base 13, what is 49 - 5?
44
In base 9, what is -404 - 5?
-410
In base 12, what is -a8 + 4?
-a4
In base 5, what is 11340 - -10?
11400
In base 10, what is 11 - 22?
-11
In base 7, what is -34 - -64?
30
In base 3, what is 2210 - 10?
2200
In base 13, what is -3 - 2?
-5
In base 12, what is 4 - 30?
-28
In base 15, what is 4 - 2c?
-28
In base 11, what is 1 - 61?
-60
In base 2, what is 0 + 1001?
1001
In base 6, what is 224 + 1?
225
In base 9, what is 10561 + -3?
10557
In base 2, what is -11 - 10101?
-11000
In base 8, what is 26 - 700?
-652
In base 11, what is -4 + -19?
-22
In base 15, what is 80b + 0?
80b
In base 11, what is 27 + 9?
35
In base 8, what is 466 + 7?
475
In base 10, what is -15 - 1?
-16
In base 10, what is 129 + 71?
200
In base 8, what is -3 + 1400?
1375
In base 16, what is -43 - 1?
-44
In base 12, what is -4 + -5ab?
-5b3
In base 16, what is -c3a - -3?
-c37
In base 10, what is -2 - -303?
301
In base 14, what is -5 + 10?
9
In base 12, what is 59 - -10?
69
In base 12, what is -454 - 7?
-45b
In base 13, what is -aa55 + 3?
-aa52
In base 2, what is -100 - 10010111?
-10011011
In base 8, what is 43 + 5?
50
In base 15, what is 49 - 0?
49
In base 2, what is -10 - -10000000011?
10000000001
In base 14, what is 245 + -6?
23d
In base 9, what is 0 + -305?
-305
In base 13, what is -30 - -6b?
3b
In base 16, what is 75 + 3?
78
In base 15, what is -4 - -b3?
ae
In base 6, what is -32354 - -1?
-32353
In base 7, what is 2240 + 32?
2302
In base 10, what is -124 + -1?
-125
In base 14, what is -17d - -8?
-175
In base 7, what is 2 - 102?
-100
In base 10, what is 108 - 16?
92
In base 3, what is 22 - -1111?
1210
In base 8, what is -477 + 1?
-476
In base 11, what is -374 + 0?
-374
In base 15, what is -18a - -3?
-187
In base 8, what is -7 - 25?
-34
In base 3, what is 120 + -22?
21
In base 5, what is -4012 - 10?
-4022
In base 7, what is 154 + -4?
150
In base 4, what is -33 - 12132?
-12231
In base 4, what is 201 + 10?
211
In base 4, what is -2001 - -1022?
-313
In base 16, what is -3 - -302?
2ff
In base 10, what is 2376 - -8?
2384
In base 16, what is -2 - 20b?
-20d
In base 8, what is 2 + 12604?
12606
In base 6, what is 0 + -204?
-204
In base 12, what is 5 + -226?
-221
In base 14, what is 1b + -8?
13
In base 10, what is -8 - -2743?
2735
In base 16, what is 3 - -1?
4
In base 10, what is 0 + 89?
89
In base 14, what is -2 + -3?
-5
In base 12, what is 5 - -6?
b
In base 16, what is -3 - 5c?
-5f
In base 14, what is 202 + 2?
204
In base 8, what is 17 - -1462?
1501
In base 9, what is -61 - -118?
47
In base 12, what is -3 + -137b?
-1382
In base 12, what is -179 - -48?
-131
In base 8, what is -3 + 53?
50
In base 15, what is 2 - -391?
393
In base 3, what is -101122 - -10?
-101112
In base 8, what is -10 - 770?
-1000
In base 11, what is -381 - 4?
-385
In base 15, what is ea - 1?
e9
In base 11, what is -1 + -504?
-505
In base 2, what is -101 - -101?
0
In base 2, what is -111 - 10110000100?
-10110001011
In base 15, what is -60e - 2?
-611
In base 2, what is 111011010 + 1100?
111100110
In base 16, what is -7dd7 - -3?
-7dd4
In base 14, what is -77 - -5?
-72
In base 12, what is -5 - 33?
-38
In base 9, what is -213 + -4?
-217
In base 15, what is -c + -b?
-18
In base 13, what is 171b + -5?
1716
In base 3, what is -1020002 - 2?
-1020011
In base 4, what is -21 - -1331?
1310
In base 8, what is 4 - -37?
43
In base 9, what is 2572 - 5?
2566
In base 2, what is 1 + 110100111?
110101000
In base 16, what is 13 - 18?
-5
In base 8, what is -3 + 154?
151
In base 6, what is -432 + 2?
-430
In base 11, what is 38 - -8?
45
In base 3, what is 202120 + -1?
202112
In base 2, what is 10100111 - 1001?
10011110
In base 4, what is -300 + 30?
-210
In base 7, what is -263 + 4?
-256
In base 10, what is -501 + 2?
-499
In base 4, what is 12310 - -13?
12323
In base 16, what is 857 + 3?
85a
In base 6, what is 5 - 13?
-4
In base 6, what is -4141 + 10?
-4131
In base 6, what is -102 - -20?
-42
In base 3, what is 11 + 1012?
1100
In base 16, what is 438 + -12?
426
In base 13, what is -56 + -112?
-168
In base 8, what is -36 - -4?
-32
In base 3, what is 21 + 1010211?
1011002
In base 7, what is 255 + -5?
250
In base 14, what is 536 - -4?
53a
In base 7, what is -334 - -5?
-326
In base 7, what is -2 - -22?
20
In base 5, what is 1040 - -143?
1233
In base 5, what is -214 + -140?
-404
In base 4, what is 0 + 33010?
33010
In base 2, what is -101 - 11010?
-11111
In base 12, what is -373 + 16?
-359
In base 14, what is -44 + 2?
-42
In base 7, what is 1255 + -3?
1252
In base 8, what is 22064 - 4?
22060
In base 13, what is -5a + -c1?
-14b
In base 5, what is 0 - -12123?
12123
In base 14, what is 388 + 0?
388
In base 15, what is 7 + -cd?
-c6
In base 3, what is 1212112 + -112?
1212000
In base 15, what is -428 - 4?
-42c
In base 2, what is 0 - 10111101011?
-10111101011
In base 4, what is -2333 - -33?
-2300
In base 3, what is 120 + 10210?
11100
In base 2, what is 10 + 1110110111?
1110111001
In base 9, what is 114 + 4?
118
In base 14, what is 0 - -228?
228
In base 14, what is 69 - 3?
66
In base 11, what is -1 - 2?
-3
In base 9, what is -102 + -430?
-532
In base 3, what is -10 - -11201?
11121
In base 15, what is -1 + 21?
20
In base 9, what is 157 - -2?
160
In base 15, what is -23 - 2?
-25
In base 10, what is 45 - -40?
85
In base 8, what is 3 + -167?
-164
In base 9, what is 0 - -4586?
4586
In base 16, what is 2 + dd?
df
In base 14, what is -1 - -23?
22
In base 12, what is 48 + 7?
53
In base 7, what is 15540 - 2?
15535
In base 8, what is 735 - -5?
742
In base 15, what is -e0 - 8?
-e8
In base 2, what is -10 - 10011?
-10101
In base 11, what is -15 - a4?
-109
In base 15, what is -3 + 42?
3e
In base 14, what is 2a2 - 5?
29b
In base 10, what is -55 + 6?
-49
In base 4, what is -20 + 10231?
10211
In base 4, what is 202 + 30?
232
In base 14, what is 9 + 92?
9b
In base 13, what is 3596 - -2?
3598
In base 3, what is -20010 + 2?
-20001
In base 6, what is -3 + 2455?
2452
In base 5, what is -3 - -11421?
11413
In base 8, what is -55707 - -1?
-55706
In base 12, what is -537 - 7?
-542
In base 4, what is 133220 - 11?
133203
In base 15, what is 0 + -215?
-215
In base 16, what is a - 16?
-c
In base 15, what is 1 - 27?
-26
In base 13, what is -19 - 199?
-1b5
In base 13, what is -5 - -10?
8
In base 5, what is -12 + -3142?
-3204
In base 3, what is -11222 + 11?
-11211
In base 4, what is 30301 + 11?
30312
In base 9, what is 53 - 75?
-22
In base 8, what is 41 + 24?
65
In base 10, what is -57 + -11?
-68
In base 12, what is 12533 - -4?
12537
In base 4, what is 320032 - 1?
320031
In base 9, what is -2 + -527?
-530
In base 4, what is 3 - -132330?
132333
In base 11, what is -44 - -50?
7
In base 5, what is -1214 - -10?
-1204
In base 4, what is 2 - 22100?
-22032
In base 8, what is -13 - 320?
-333
In base 2, what is -10010010111011 - 100?
-10010010111111
In base 16, what is 1 - c?
-b
I